{"id":18,"date":"2023-03-09T09:30:39","date_gmt":"2023-03-09T08:30:39","guid":{"rendered":"https:\/\/lecliccommunicatif.fr\/?page_id=18"},"modified":"2023-03-10T11:05:20","modified_gmt":"2023-03-10T10:05:20","slug":"nos-formations","status":"publish","type":"page","link":"https:\/\/lecliccommunicatif.fr\/index.php\/nos-formations\/","title":{"rendered":"Nos Formations"},"content":{"rendered":"<p><img loading=\"lazy\" decoding=\"async\" class=\"alignright wp-image-175 size-full\" src=\"https:\/\/lecliccommunicatif.fr\/wp-content\/uploads\/2023\/03\/spacer-1.jpg\" alt=\"\" width=\"1\" height=\"500\" \/>Toutes nos formations s&#8217;adaptent \u00e0 vos besoins, que vous soyez d\u00e9butant(s) ou expert(s). Nous vous proposons des contenus\u00a0vari\u00e9s et avons \u00e0 c\u0153ur de vous proposer des contenus p\u00e9dagogiques innovants (exercices, mise en situation, quizz, jeux&#8230;). Le but \u00e9tant d&#8217;apprendre avec plaisir.<\/p>\n<h4 style=\"color: #041689; text-align: center;\"><strong>Nos garanties :<\/strong><\/h4>\n<p><img loading=\"lazy\" decoding=\"async\" class=\"alignnone size-full wp-image-93\" src=\"https:\/\/lecliccommunicatif.fr\/wp-content\/uploads\/2023\/03\/Image1-e1678368175796.png\" alt=\"\" width=\"7\" height=\"7\" \/> une prise en charge individualis\u00e9e<\/p>\n<p><img loading=\"lazy\" decoding=\"async\" class=\"alignnone size-full wp-image-93\" src=\"https:\/\/lecliccommunicatif.fr\/wp-content\/uploads\/2023\/03\/Image1-e1678368175796.png\" alt=\"\" width=\"7\" height=\"7\" \/> une analyse approfondie de vos besoins<\/p>\n<p><img loading=\"lazy\" decoding=\"async\" class=\"alignnone size-full wp-image-93\" src=\"https:\/\/lecliccommunicatif.fr\/wp-content\/uploads\/2023\/03\/Image1-e1678368175796.png\" alt=\"\" width=\"7\" height=\"7\" \/> une formation sur mesure<\/p>\n<p><img loading=\"lazy\" decoding=\"async\" class=\"alignnone size-full wp-image-93\" src=\"https:\/\/lecliccommunicatif.fr\/wp-content\/uploads\/2023\/03\/Image1-e1678368175796.png\" alt=\"\" width=\"7\" height=\"7\" \/> des exercices adapt\u00e9s \u00e0 votre demande<\/p>\n<p>En visioconf\u00e9rence ou sur site, votre formatrice r\u00e9pondra \u00e0 toutes vos questions.<\/p>\n<h4 style=\"color: #041689; text-align: center;\"><strong>Notre zone d&#8217;interventions :<\/strong><\/h4>\n<p>L&#8217;Aigle &#8211; Mortagne au Perche &#8211; Alen\u00e7on &#8211; Verneuil sur Avre &#8211; Argentan &#8211; Lisieux &#8211; Evreux &#8211; Dreux<\/p>\n<p><img loading=\"lazy\" decoding=\"async\" class=\"wp-image-189 size-full alignnone\" src=\"https:\/\/lecliccommunicatif.fr\/wp-content\/uploads\/2023\/03\/carte-e1678442588723.jpg\" alt=\"Zone d'interventions \" width=\"800\" height=\"459\" srcset=\"https:\/\/lecliccommunicatif.fr\/wp-content\/uploads\/2023\/03\/carte-e1678442588723.jpg 800w, https:\/\/lecliccommunicatif.fr\/wp-content\/uploads\/2023\/03\/carte-e1678442588723-300x172.jpg 300w, https:\/\/lecliccommunicatif.fr\/wp-content\/uploads\/2023\/03\/carte-e1678442588723-768x441.jpg 768w, https:\/\/lecliccommunicatif.fr\/wp-content\/uploads\/2023\/03\/carte-e1678442588723-600x344.jpg 600w\" sizes=\"auto, (max-width: 800px) 100vw, 800px\" \/><\/p>\n","protected":false},"excerpt":{"rendered":"<p>Toutes nos formations s&#8217;adaptent \u00e0 vos besoins, que vous soyez d\u00e9butant(s) ou expert(s). Nous vous proposons des contenus\u00a0vari\u00e9s et avons \u00e0 c\u0153ur de vous proposer des contenus p\u00e9dagogiques innovants (exercices, mise en situation, quizz, jeux&#8230;). Le but \u00e9tant d&#8217;apprendre avec plaisir. Nos garanties : une prise en charge individualis\u00e9e une analyse approfondie de vos besoins&hellip;&nbsp;<a href=\"https:\/\/lecliccommunicatif.fr\/index.php\/nos-formations\/\" class=\"\" rel=\"bookmark\">Lire la suite &raquo;<span class=\"screen-reader-text\">Nos Formations<\/span><\/a><\/p>\n","protected":false},"author":1,"featured_media":183,"parent":0,"menu_order":0,"comment_status":"closed","ping_status":"closed","template":"","meta":{"neve_meta_sidebar":"right","neve_meta_container":"","neve_meta_enable_content_width":"off","neve_meta_content_width":100,"neve_meta_title_alignment":"","neve_meta_author_avatar":"","neve_post_elements_order":"","neve_meta_disable_header":"","neve_meta_disable_footer":"","neve_meta_disable_title":"","footnotes":""},"class_list":["post-18","page","type-page","status-publish","has-post-thumbnail","hentry"],"yoast_head":"<!-- This site is optimized with the Yoast SEO plugin v21.2 - https:\/\/yoast.com\/wordpress\/plugins\/seo\/ -->\n<title>Nos Formations - Le Clic Communicatif<\/title>\n<meta name=\"description\" content=\"Toutes nos formations s&#039;adaptent \u00e0 vos besoins,. D\u00e9butant(s) ou expert(s) : nous vous garantissons une prise en charge personnalis\u00e9e.\" \/>\n<meta name=\"robots\" content=\"index, follow, max-snippet:-1, max-image-preview:large, max-video-preview:-1\" \/>\n<link rel=\"canonical\" href=\"https:\/\/lecliccommunicatif.fr\/index.php\/nos-formations\/\" \/>\n<meta property=\"og:locale\" content=\"fr_FR\" \/>\n<meta property=\"og:type\" content=\"article\" \/>\n<meta property=\"og:title\" content=\"Nos Formations - Le Clic Communicatif\" \/>\n<meta property=\"og:description\" content=\"Toutes nos formations s&#039;adaptent \u00e0 vos besoins,. D\u00e9butant(s) ou expert(s) : nous vous garantissons une prise en charge personnalis\u00e9e.\" \/>\n<meta property=\"og:url\" content=\"https:\/\/lecliccommunicatif.fr\/index.php\/nos-formations\/\" \/>\n<meta property=\"og:site_name\" content=\"Le Clic Communicatif\" \/>\n<meta property=\"article:publisher\" content=\"https:\/\/www.facebook.com\/LeClicCommunicatif\" \/>\n<meta property=\"article:modified_time\" content=\"2023-03-10T10:05:20+00:00\" \/>\n<meta property=\"og:image\" content=\"https:\/\/lecliccommunicatif.fr\/wp-content\/uploads\/2023\/03\/4-1.jpg\" \/>\n\t<meta property=\"og:image:width\" content=\"1500\" \/>\n\t<meta property=\"og:image:height\" content=\"500\" \/>\n\t<meta property=\"og:image:type\" content=\"image\/jpeg\" \/>\n<meta name=\"twitter:card\" content=\"summary_large_image\" \/>\n<meta name=\"twitter:label1\" content=\"Dur\u00e9e de lecture estim\u00e9e\" \/>\n\t<meta name=\"twitter:data1\" content=\"2 minutes\" \/>\n<script type=\"application\/ld+json\" class=\"yoast-schema-graph\">{\"@context\":\"https:\/\/schema.org\",\"@graph\":[{\"@type\":\"WebPage\",\"@id\":\"https:\/\/lecliccommunicatif.fr\/index.php\/nos-formations\/\",\"url\":\"https:\/\/lecliccommunicatif.fr\/index.php\/nos-formations\/\",\"name\":\"Nos Formations - Le Clic Communicatif\",\"isPartOf\":{\"@id\":\"https:\/\/lecliccommunicatif.fr\/#website\"},\"datePublished\":\"2023-03-09T08:30:39+00:00\",\"dateModified\":\"2023-03-10T10:05:20+00:00\",\"description\":\"Toutes nos formations s'adaptent \u00e0 vos besoins,. D\u00e9butant(s) ou expert(s) : nous vous garantissons une prise en charge personnalis\u00e9e.\",\"breadcrumb\":{\"@id\":\"https:\/\/lecliccommunicatif.fr\/index.php\/nos-formations\/#breadcrumb\"},\"inLanguage\":\"fr-FR\",\"potentialAction\":[{\"@type\":\"ReadAction\",\"target\":[\"https:\/\/lecliccommunicatif.fr\/index.php\/nos-formations\/\"]}]},{\"@type\":\"BreadcrumbList\",\"@id\":\"https:\/\/lecliccommunicatif.fr\/index.php\/nos-formations\/#breadcrumb\",\"itemListElement\":[{\"@type\":\"ListItem\",\"position\":1,\"name\":\"Accueil\",\"item\":\"https:\/\/lecliccommunicatif.fr\/\"},{\"@type\":\"ListItem\",\"position\":2,\"name\":\"Nos Formations\"}]},{\"@type\":\"WebSite\",\"@id\":\"https:\/\/lecliccommunicatif.fr\/#website\",\"url\":\"https:\/\/lecliccommunicatif.fr\/\",\"name\":\"Le Clic Communicatif\",\"description\":\"Formations informatiques et bureautiques\",\"potentialAction\":[{\"@type\":\"SearchAction\",\"target\":{\"@type\":\"EntryPoint\",\"urlTemplate\":\"https:\/\/lecliccommunicatif.fr\/?s={search_term_string}\"},\"query-input\":\"required name=search_term_string\"}],\"inLanguage\":\"fr-FR\"}]}<\/script>\n<!-- \/ Yoast SEO plugin. -->","yoast_head_json":{"title":"Nos Formations - Le Clic Communicatif","description":"Toutes nos formations s'adaptent \u00e0 vos besoins,. D\u00e9butant(s) ou expert(s) : nous vous garantissons une prise en charge personnalis\u00e9e.","robots":{"index":"index","follow":"follow","max-snippet":"max-snippet:-1","max-image-preview":"max-image-preview:large","max-video-preview":"max-video-preview:-1"},"canonical":"https:\/\/lecliccommunicatif.fr\/index.php\/nos-formations\/","og_locale":"fr_FR","og_type":"article","og_title":"Nos Formations - Le Clic Communicatif","og_description":"Toutes nos formations s'adaptent \u00e0 vos besoins,. D\u00e9butant(s) ou expert(s) : nous vous garantissons une prise en charge personnalis\u00e9e.","og_url":"https:\/\/lecliccommunicatif.fr\/index.php\/nos-formations\/","og_site_name":"Le Clic Communicatif","article_publisher":"https:\/\/www.facebook.com\/LeClicCommunicatif","article_modified_time":"2023-03-10T10:05:20+00:00","og_image":[{"width":1500,"height":500,"url":"https:\/\/lecliccommunicatif.fr\/wp-content\/uploads\/2023\/03\/4-1.jpg","type":"image\/jpeg"}],"twitter_card":"summary_large_image","twitter_misc":{"Dur\u00e9e de lecture estim\u00e9e":"2 minutes"},"schema":{"@context":"https:\/\/schema.org","@graph":[{"@type":"WebPage","@id":"https:\/\/lecliccommunicatif.fr\/index.php\/nos-formations\/","url":"https:\/\/lecliccommunicatif.fr\/index.php\/nos-formations\/","name":"Nos Formations - Le Clic Communicatif","isPartOf":{"@id":"https:\/\/lecliccommunicatif.fr\/#website"},"datePublished":"2023-03-09T08:30:39+00:00","dateModified":"2023-03-10T10:05:20+00:00","description":"Toutes nos formations s'adaptent \u00e0 vos besoins,. D\u00e9butant(s) ou expert(s) : nous vous garantissons une prise en charge personnalis\u00e9e.","breadcrumb":{"@id":"https:\/\/lecliccommunicatif.fr\/index.php\/nos-formations\/#breadcrumb"},"inLanguage":"fr-FR","potentialAction":[{"@type":"ReadAction","target":["https:\/\/lecliccommunicatif.fr\/index.php\/nos-formations\/"]}]},{"@type":"BreadcrumbList","@id":"https:\/\/lecliccommunicatif.fr\/index.php\/nos-formations\/#breadcrumb","itemListElement":[{"@type":"ListItem","position":1,"name":"Accueil","item":"https:\/\/lecliccommunicatif.fr\/"},{"@type":"ListItem","position":2,"name":"Nos Formations"}]},{"@type":"WebSite","@id":"https:\/\/lecliccommunicatif.fr\/#website","url":"https:\/\/lecliccommunicatif.fr\/","name":"Le Clic Communicatif","description":"Formations informatiques et bureautiques","potentialAction":[{"@type":"SearchAction","target":{"@type":"EntryPoint","urlTemplate":"https:\/\/lecliccommunicatif.fr\/?s={search_term_string}"},"query-input":"required name=search_term_string"}],"inLanguage":"fr-FR"}]}},"_links":{"self":[{"href":"https:\/\/lecliccommunicatif.fr\/index.php\/wp-json\/wp\/v2\/pages\/18","targetHints":{"allow":["GET"]}}],"collection":[{"href":"https:\/\/lecliccommunicatif.fr\/index.php\/wp-json\/wp\/v2\/pages"}],"about":[{"href":"https:\/\/lecliccommunicatif.fr\/index.php\/wp-json\/wp\/v2\/types\/page"}],"author":[{"embeddable":true,"href":"https:\/\/lecliccommunicatif.fr\/index.php\/wp-json\/wp\/v2\/users\/1"}],"replies":[{"embeddable":true,"href":"https:\/\/lecliccommunicatif.fr\/index.php\/wp-json\/wp\/v2\/comments?post=18"}],"version-history":[{"count":10,"href":"https:\/\/lecliccommunicatif.fr\/index.php\/wp-json\/wp\/v2\/pages\/18\/revisions"}],"predecessor-version":[{"id":194,"href":"https:\/\/lecliccommunicatif.fr\/index.php\/wp-json\/wp\/v2\/pages\/18\/revisions\/194"}],"wp:featuredmedia":[{"embeddable":true,"href":"https:\/\/lecliccommunicatif.fr\/index.php\/wp-json\/wp\/v2\/media\/183"}],"wp:attachment":[{"href":"https:\/\/lecliccommunicatif.fr\/index.php\/wp-json\/wp\/v2\/media?parent=18"}],"curies":[{"name":"wp","href":"https:\/\/api.w.org\/{rel}","templated":true}]}}

<p><img loading="lazy" decoding="async" class="alignright wp-image-175 size-full" src="https://lecliccommunicatif.fr/wp-content/uploads/2023/03/spacer-1.jpg" alt="" width="1" height="500" />Toutes nos formations s&#8217;adaptent à vos besoins, que vous soyez débutant(s) ou expert(s). Nous vous proposons des contenus variés et avons à cœur de vous proposer des contenus pédagogiques innovants (exercices, mise en situation, quizz, jeux&#8230;). Le but étant d&#8217;apprendre avec plaisir.</p>
<h4 style="color: #041689; text-align: center;"><strong>Nos garanties :</strong></h4>
<p><img loading="lazy" decoding="async" class="alignnone size-full wp-image-93" src="https://lecliccommunicatif.fr/wp-content/uploads/2023/03/Image1-e1678368175796.png" alt="" width="7" height="7" /> une prise en charge individualisée</p>
<p><img loading="lazy" decoding="async" class="alignnone size-full wp-image-93" src="https://lecliccommunicatif.fr/wp-content/uploads/2023/03/Image1-e1678368175796.png" alt="" width="7" height="7" /> une analyse approfondie de vos besoins</p>
<p><img loading="lazy" decoding="async" class="alignnone size-full wp-image-93" src="https://lecliccommunicatif.fr/wp-content/uploads/2023/03/Image1-e1678368175796.png" alt="" width="7" height="7" /> une formation sur mesure</p>
<p><img loading="lazy" decoding="async" class="alignnone size-full wp-image-93" src="https://lecliccommunicatif.fr/wp-content/uploads/2023/03/Image1-e1678368175796.png" alt="" width="7" height="7" /> des exercices adaptés à votre demande</p>
<p>En visioconférence ou sur site, votre formatrice répondra à toutes vos questions.</p>
<h4 style="color: #041689; text-align: center;"><strong>Notre zone d&#8217;interventions :</strong></h4>
<p>L&#8217;Aigle &#8211; Mortagne au Perche &#8211; Alençon &#8211; Verneuil sur Avre &#8211; Argentan &#8211; Lisieux &#8211; Evreux &#8211; Dreux</p>
<p><img loading="lazy" decoding="async" class="wp-image-189 size-full alignnone" src="https://lecliccommunicatif.fr/wp-content/uploads/2023/03/carte-e1678442588723.jpg" alt="Zone d'interventions " width="800" height="459" srcset="https://lecliccommunicatif.fr/wp-content/uploads/2023/03/carte-e1678442588723.jpg 800w, https://lecliccommunicatif.fr/wp-content/uploads/2023/03/carte-e1678442588723-300x172.jpg 300w, https://lecliccommunicatif.fr/wp-content/uploads/2023/03/carte-e1678442588723-768x441.jpg 768w, https://lecliccommunicatif.fr/wp-content/uploads/2023/03/carte-e1678442588723-600x344.jpg 600w" sizes="auto, (max-width: 800px) 100vw, 800px" /></p>

<p>Toutes nos formations s&#8217;adaptent à vos besoins, que vous soyez débutant(s) ou expert(s). Nous vous proposons des contenus variés et avons à cœur de vous proposer des contenus pédagogiques innovants (exercices, mise en situation, quizz, jeux&#8230;). Le but étant d&#8217;apprendre avec plaisir. Nos garanties : une prise en charge individualisée une analyse approfondie de vos besoins&hellip;&nbsp;<a href="https://lecliccommunicatif.fr/index.php/nos-formations/" class="" rel="bookmark">Lire la suite &raquo;<span class="screen-reader-text">Nos Formations</span></a></p>

<!-- This site is optimized with the Yoast SEO plugin v21.2 - https://yoast.com/wordpress/plugins/seo/ -->
<title>Nos Formations - Le Clic Communicatif</title>
<meta name="description" content="Toutes nos formations s&#039;adaptent à vos besoins,. Débutant(s) ou expert(s) : nous vous garantissons une prise en charge personnalisée." />
<meta name="robots" content="index, follow, max-snippet:-1, max-image-preview:large, max-video-preview:-1" />
<link rel="canonical" href="https://lecliccommunicatif.fr/index.php/nos-formations/" />
<meta property="og:locale" content="fr_FR" />
<meta property="og:type" content="article" />
<meta property="og:title" content="Nos Formations - Le Clic Communicatif" />
<meta property="og:description" content="Toutes nos formations s&#039;adaptent à vos besoins,. Débutant(s) ou expert(s) : nous vous garantissons une prise en charge personnalisée." />
<meta property="og:url" content="https://lecliccommunicatif.fr/index.php/nos-formations/" />
<meta property="og:site_name" content="Le Clic Communicatif" />
<meta property="article:publisher" content="https://www.facebook.com/LeClicCommunicatif" />
<meta property="article:modified_time" content="2023-03-10T10:05:20+00:00" />
<meta property="og:image" content="https://lecliccommunicatif.fr/wp-content/uploads/2023/03/4-1.jpg" />
	<meta property="og:image:width" content="1500" />
	<meta property="og:image:height" content="500" />
	<meta property="og:image:type" content="image/jpeg" />
<meta name="twitter:card" content="summary_large_image" />
<meta name="twitter:label1" content="Durée de lecture estimée" />
	<meta name="twitter:data1" content="2 minutes" />
<script type="application/ld+json" class="yoast-schema-graph">{"@context":"https://schema.org","@graph":[{"@type":"WebPage","@id":"https://lecliccommunicatif.fr/index.php/nos-formations/","url":"https://lecliccommunicatif.fr/index.php/nos-formations/","name":"Nos Formations - Le Clic Communicatif","isPartOf":{"@id":"https://lecliccommunicatif.fr/#website"},"datePublished":"2023-03-09T08:30:39+00:00","dateModified":"2023-03-10T10:05:20+00:00","description":"Toutes nos formations s'adaptent à vos besoins,. Débutant(s) ou expert(s) : nous vous garantissons une prise en charge personnalisée.","breadcrumb":{"@id":"https://lecliccommunicatif.fr/index.php/nos-formations/#breadcrumb"},"inLanguage":"fr-FR","potentialAction":[{"@type":"ReadAction","target":["https://lecliccommunicatif.fr/index.php/nos-formations/"]}]},{"@type":"BreadcrumbList","@id":"https://lecliccommunicatif.fr/index.php/nos-formations/#breadcrumb","itemListElement":[{"@type":"ListItem","position":1,"name":"Accueil","item":"https://lecliccommunicatif.fr/"},{"@type":"ListItem","position":2,"name":"Nos Formations"}]},{"@type":"WebSite","@id":"https://lecliccommunicatif.fr/#website","url":"https://lecliccommunicatif.fr/","name":"Le Clic Communicatif","description":"Formations informatiques et bureautiques","potentialAction":[{"@type":"SearchAction","target":{"@type":"EntryPoint","urlTemplate":"https://lecliccommunicatif.fr/?s={search_term_string}"},"query-input":"required name=search_term_string"}],"inLanguage":"fr-FR"}]}</script>
<!-- / Yoast SEO plugin. -->

Toutes nos formations s'adaptent à vos besoins,. Débutant(s) ou expert(s) : nous vous garantissons une prise en charge personnalisée.
